at are the prime factors of 86189?
79, 1091
List the prime factors of 15876779.
15876779
List the prime factors of 3042161.
3042161
List the prime factors of 1377752.
2, 172219
What are the prime factors of 8881683?
3, 19, 59, 139
List the prime factors of 19883.
59, 337
List the prime factors of 291899.
291899
What are the prime factors of 2788703?
797, 3499
What are the prime factors of 13629332?
2, 3407333
What are the prime factors of 4422698?
2, 7, 315907
What are the prime factors of 554392?
2, 23, 131
List the prime factors of 17827275.
3, 5, 251, 947
What are the prime factors of 320044?
2, 29, 31, 89
What are the prime factors of 378262?
2, 31, 6101
List the prime factors of 8977455.
3, 5, 199499
List the prime factors of 2774045.
5, 503, 1103
What are the prime factors of 229314?
2, 3, 38219
List the prime factors of 275716.
2, 7, 43, 229
What are the prime factors of 6542428?
2, 1635607
List the prime factors of 2130101.
2130101
What are the prime factors of 20587178?
2, 10293589
What are the prime factors of 11241506?
2, 59, 95267
What are the prime factors of 347595?
3, 5, 23173
List the prime factors of 500690.
2, 5, 50069
What are the prime factors of 139937?
7, 19991
List the prime factors of 696910.
2, 5, 69691
What are the prime factors of 26847?
3, 19, 157
What are the prime factors of 67448?
2, 8431
List the prime factors of 3500913.
3, 13, 89767
List the prime factors of 465972.
2, 3, 13, 29, 103
List the prime factors of 964443.
3, 41, 7841
What are the prime factors of 316061?
113, 2797
List the prime factors of 76799.
61, 1259
List the prime factors of 2066055.
3, 5, 137737
List the prime factors of 22789985.
5, 4557997
What are the prime factors of 182308?
2, 7, 17, 383
What are the prime factors of 309289?
309289
What are the prime factors of 103313?
7, 14759
List the prime factors of 388023.
3, 129341
List the prime factors of 461546.
2, 230773
What are the prime factors of 5784870?
2, 3, 5, 7, 13, 163
What are the prime factors of 984373?
13, 75721
List the prime factors of 415651.
415651
What are the prime factors of 23257258?
2, 17, 684037
List the prime factors of 990831.
3, 19, 17383
List the prime factors of 963397.
963397
List the prime factors of 9694016.
2, 167, 907
What are the prime factors of 10295276?
2, 137, 18787
List the prime factors of 2429489.
2429489
What are the prime factors of 1590996?
2, 3, 11, 17, 709
List the prime factors of 4491263.
7, 41, 15649
What are the prime factors of 20139767?
1597, 12611
What are the prime factors of 27932363?
2441, 11443
List the prime factors of 22001.
7, 449
What are the prime factors of 26052431?
31, 643, 1307
List the prime factors of 13055304.
2, 3, 543971
What are the prime factors of 308024?
2, 139, 277
List the prime factors of 1016010.
2, 3, 5, 53, 71
What are the prime factors of 10059571?
61, 164911
What are the prime factors of 81399?
3, 43, 631
What are the prime factors of 935229?
3, 311743
List the prime factors of 1823762.
2, 23, 41, 967
List the prime factors of 81865.
5, 7, 2339
List the prime factors of 727269.
3, 149, 1627
List the prime factors of 208761.
3, 7, 9941
List the prime factors of 10890476.
2, 2722619
What are the prime factors of 509424?
2, 3, 10613
List the prime factors of 1818026.
2, 7, 31, 59, 71
List the prime factors of 855631.
7, 31, 3943
List the prime factors of 14517128.
2, 1814641
What are the prime factors of 368448?
2, 3, 19, 101
What are the prime factors of 336908?
2, 11, 13, 19, 31
What are the prime factors of 706686?
2, 3, 19, 6199
What are the prime factors of 7150358?
2, 1733, 2063
List the prime factors of 379577.
11, 3137
List the prime factors of 4073451.
3, 1357817
What are the prime factors of 6982164?
2, 3, 7, 103, 269
What are the prime factors of 148131?
3, 109, 151
What are the prime factors of 117100?
2, 5, 1171
What are the prime factors of 1220873?
31, 39383
List the prime factors of 965056.
2, 17, 887
List the prime factors of 1142831.
19, 60149
List the prime factors of 502716.
2, 3, 41893
List the prime factors of 318333.
3, 29, 3659
List the prime factors of 2923570.
2, 5, 13, 43, 523
List the prime factors of 1372458.
2, 3, 59, 3877
List the prime factors of 898206.
2, 3, 19, 7879
What are the prime factors of 304036?
2, 29, 2621
What are the prime factors of 3601809?
3, 41, 43, 227
List the prime factors of 1670049.
3, 97, 1913
What are the prime factors of 5447096?
2, 41, 16607
What are the prime factors of 291330?
2, 3, 5, 13, 83
List the prime factors of 2275496.
2, 461, 617
List the prime factors of 16566710.
2, 5, 31, 53441
What are the prime factors of 132504?
2, 3, 5521
List the prime factors of 685831.
17, 40343
List the prime factors of 10803037.
7, 1543291
List the prime factors of 2541781.
11, 269, 859
What are the prime factors of 372350?
2, 5, 11, 677
List the prime factors of 212778.
2, 3, 11821
List the prime factors of 700231.
7, 167, 599
What are the prime factors of 2983417?
2983417
List the prime factors of 28692611.
293, 97927
What are the prime factors of 1244099?
1244099
What are the prime factors of 97230?
2, 3, 5, 7, 463
What are the prime factors of 517838?
2, 258919
List the prime factors of 22219735.
5, 1097, 4051
List the prime factors of 5707988.
2, 11, 13, 17, 587
List the prime factors of 2086372.
2, 307, 1699
What are the prime factors of 14224610?
2, 5, 1422461
List the prime factors of 315473.
59, 5347
What are the prime factors of 3387800?
2, 5, 13, 1303
What are the prime factors of 917507?
17, 31, 1741
What are the prime factors of 1832112?
2, 3, 4241
List the prime factors of 2706857.
2706857
List the prime factors of 117735.
3, 5, 47, 167
List the prime factors of 692199.
3, 31, 827
List the prime factors of 2459531.
19, 129449
List the prime factors of 3220959.
3, 7, 153379
List the prime factors of 223432.
2, 11, 2539
List the prime factors of 14586803.
7, 11, 189439
List the prime factors of 2987414.
2, 47, 61, 521
What are the prime factors of 1989753?
3, 23, 28837
List the prime factors of 28476708.
2, 3, 13, 277, 659
What are the prime factors of 520648?
2, 151, 431
What are the prime factors of 2209821?
3, 736607
What are the prime factors of 4105273?
19, 433, 499
What are the prime factors of 315948?
2, 3, 113, 233
List the prime factors of 3681982.
2, 401, 4591
List the prime factors of 502643.
502643
What are the prime factors of 1293232?
2, 131, 617
What are the prime factors of 319642?
2, 71, 2251
List the prime factors of 79807.
7, 13, 877
What are the prime factors of 12437654?
2, 6218827
List the prime factors of 595327.
19, 31333
What are the prime factors of 4510804?
2, 1127701
What are the prime factors of 861144?
2, 3, 53, 677
What are the prime factors of 517745?
5, 103549
What are the prime factors of 5879223?
3, 7, 10369
List the prime factors of 283151.
11, 25741
What are the prime factors of 146712?
2, 3, 6113
What are the prime factors of 305495?
5, 61099
What are the prime factors of 4648079?
59, 78781
What are the prime factors of 5760949?
5760949
List the prime factors of 28588828.
2, 571, 12517
What are the prime factors of 745515?
3, 5, 16567
List the prime factors of 382084.
2, 59, 1619
List the prime factors of 3792305.
5, 11, 19, 191
What are the prime factors of 6829567?
6829567
What are the prime factors of 4718976?
2, 3, 12289
List the prime factors of 1225786.
2, 769, 797
List the prime factors of 2005575.
3, 5, 11, 13, 17
What are the prime factors of 5148431?
131, 39301
List the prime factors of 1463793.
3, 101, 4831
List the prime factors of 18692161.
73, 256057
List the prime factors of 317834.
2, 11, 14447
List the prime factors of 527221.
17, 31013
What are the prime factors of 331663?
331663
List the prime factors of 3555806.
2, 29, 101, 607
List the prime factors of 2527637.
7, 361091
What are the prime factors of 24855531?
3, 8285177
List the prime factors of 107968.
2, 7, 241
What are the prime factors of 1098539?
13, 84503
What are the prime factors of 1784971?
151, 11821
List the prime factors of 7095899.
7095899
List the prime factors of 7130673.
3, 11, 53, 151
What are the prime factors of 657706?
2, 7, 109, 431
List the prime factors of 5361792.
2, 3, 13963
List the prime factors of 752916.
2, 3, 62